{"id":4475,"date":"2020-03-06T03:59:22","date_gmt":"2020-03-06T03:59:22","guid":{"rendered":"http:\/\/wpdemo.archiwp.com\/onum\/?page_id=2593"},"modified":"2020-03-06T03:59:22","modified_gmt":"2020-03-06T03:59:22","slug":"our-services-2","status":"publish","type":"page","link":"https:\/\/seepree.com\/?page_id=4475","title":{"rendered":"Our Services"},"content":{"rendered":"\t\t<div data-elementor-type=\"wp-page\" data-elementor-id=\"4475\" class=\"elementor elementor-4475\">\n\t\t\t\t\t\t<section class=\"elementor-section elementor-top-section elementor-element elementor-element-60697bd elementor-section-content-middle elementor-section-boxed elementor-section-height-default elementor-section-height-default\" data-id=\"60697bd\" data-element_type=\"section\">\n\t\t\t\t\t\t<div class=\"elementor-container elementor-column-gap-default\">\n\t\t\t\t\t<div class=\"elementor-column elementor-col-50 elementor-top-column elementor-element elementor-element-f18d9cf ot-flex-column-vertical\" data-id=\"f18d9cf\" data-element_type=\"column\">\n\t\t\t<div class=\"elementor-widget-wrap elementor-element-populated\">\n\t\t\t\t\t\t<div class=\"elementor-element elementor-element-31f517e elementor-widget elementor-widget-image\" data-id=\"31f517e\" data-element_type=\"widget\" data-widget_type=\"image.default\">\n\t\t\t\t\t\t\t\t\t\t\t\t\t\t\t<img fetchpriority=\"high\" decoding=\"async\" width=\"884\" height=\"592\" src=\"https:\/\/seepree.com\/wp-content\/uploads\/2019\/11\/topimg-home1.png\" class=\"attachment-large size-large wp-image-1031\" alt=\"\" srcset=\"https:\/\/seepree.com\/wp-content\/uploads\/2019\/11\/topimg-home1.png 884w, https:\/\/seepree.com\/wp-content\/uploads\/2019\/11\/topimg-home1-300x201.png 300w, https:\/\/seepree.com\/wp-content\/uploads\/2019\/11\/topimg-home1-768x514.png 768w\" sizes=\"(max-width: 884px) 100vw, 884px\" \/>\t\t\t\t\t\t\t\t\t\t\t\t\t\t\t<\/div>\n\t\t\t\t\t<\/div>\n\t\t<\/div>\n\t\t\t\t<div class=\"elementor-column elementor-col-50 elementor-top-column elementor-element elementor-element-d5807e8 ot-flex-column-vertical\" data-id=\"d5807e8\" data-element_type=\"column\">\n\t\t\t<div class=\"elementor-widget-wrap elementor-element-populated\">\n\t\t\t\t\t\t<div class=\"elementor-element elementor-element-d41d411 elementor-widget elementor-widget-iheading\" data-id=\"d41d411\" data-element_type=\"widget\" data-widget_type=\"iheading.default\">\n\t\t\t\t<div class=\"elementor-widget-container\">\n\t\t\t\t\t\t\t<div class=\"ot-heading -align\">\r\n\t\t\t\r\n\t\t\t\t\r\n\r\n\t         \r\n\r\n\t        \t        \t<h2 class=\"main-heading\">Onum - SEO & Digital Marketing Agency<\/h2>\r\n\t        \t    <\/div>\r\n\t    \t\t\t\t<\/div>\n\t\t\t\t<\/div>\n\t\t\t\t<div class=\"elementor-element elementor-element-ee5dd39 elementor-widget elementor-widget-text-editor\" data-id=\"ee5dd39\" data-element_type=\"widget\" data-widget_type=\"text-editor.default\">\n\t\t\t\t\t\t\t\t\t<p class=\"font22 text-dark\">Onum is a values-driven SEO agency dedicated to empowering our customers.<\/p><p>Over the years, we have worked with Fortune 500s and brand-new startups. We help ambitious businesses like yours generate more profits by building awareness, driving web traffic, connecting with customers, and growing overall sales. Give us a call.<\/p>\t\t\t\t\t\t\t\t<\/div>\n\t\t\t\t<div class=\"elementor-element elementor-element-37042b5 elementor-widget elementor-widget-ibutton\" data-id=\"37042b5\" data-element_type=\"widget\" data-widget_type=\"ibutton.default\">\n\t\t\t\t<div class=\"elementor-widget-container\">\n\t\t\t\t\t\t\t<div class=\"ot-button\">\r\n\t\t\t<a href=\"http:\/\/wpdemo.archiwp.com\/onum\/contacts\/\" class=\"octf-btn octf-btn-primary octf-btn-icon\"><span>Start Now <i class=\"flaticon-right-arrow-1\"><\/i><\/span> \r\n\t\t\t\t\t\t\t<\/a>\r\n\t    <\/div>\r\n\t    \t\t\t\t<\/div>\n\t\t\t\t<\/div>\n\t\t\t\t\t<\/div>\n\t\t<\/div>\n\t\t\t\t\t<\/div>\n\t\t<\/section>\n\t\t\t\t<section class=\"elementor-section elementor-top-section elementor-element elementor-element-ec0a50f elementor-section-boxed elementor-section-height-default elementor-section-height-default\" data-id=\"ec0a50f\" data-element_type=\"section\">\n\t\t\t\t\t\t<div class=\"elementor-container elementor-column-gap-default\">\n\t\t\t\t\t<div class=\"elementor-column elementor-col-100 elementor-top-column elementor-element elementor-element-20ceb00 ot-flex-column-vertical\" data-id=\"20ceb00\" data-element_type=\"column\">\n\t\t\t<div class=\"elementor-widget-wrap elementor-element-populated\">\n\t\t\t\t\t\t<div class=\"elementor-element elementor-element-cff678f elementor-widget elementor-widget-iheading\" data-id=\"cff678f\" data-element_type=\"widget\" data-widget_type=\"iheading.default\">\n\t\t\t\t<div class=\"elementor-widget-container\">\n\t\t\t\t\t\t\t<div class=\"ot-heading center-align\">\r\n\t\t\t\r\n\t\t\t\t\r\n\r\n\t        \t            <h6 class=\"sub-heading\"><span>our services<\/span><\/h6>\r\n\t         \r\n\r\n\t        \t        \t<h2 class=\"main-heading\">Introduce Best <br>\nSEO Services for Business<\/h2>\r\n\t        \t    <\/div>\r\n\t    \t\t\t\t<\/div>\n\t\t\t\t<\/div>\n\t\t\t\t<section class=\"elementor-section elementor-inner-section elementor-element elementor-element-67548cb elementor-section-full_width elementor-section-height-default elementor-section-height-default\" data-id=\"67548cb\" data-element_type=\"section\">\n\t\t\t\t\t\t<div class=\"elementor-container elementor-column-gap-extended\">\n\t\t\t\t\t<div class=\"elementor-column elementor-col-33 elementor-inner-column elementor-element elementor-element-78e1508 ot-flex-column-vertical\" data-id=\"78e1508\" data-element_type=\"column\">\n\t\t\t<div class=\"elementor-widget-wrap elementor-element-populated\">\n\t\t\t\t\t\t<div class=\"elementor-element elementor-element-71ede6d elementor-widget elementor-widget-iiconbox\" data-id=\"71ede6d\" data-element_type=\"widget\" data-widget_type=\"iiconbox.default\">\n\t\t\t\t<div class=\"elementor-widget-container\">\n\t\t\t\t\t\t\t<div class=\"icon-box s3 box-hover-gradient\">\r\n\t\t\t<div class=\"bg-s3\"><\/div>\r\n\t\t\t<div class=\"bg-before\"><\/div>\r\n\t\t\t<div class=\"bg-after\"><\/div>\r\n\t\t\t<div class=\"icon-main\">\r\n\t\t        \t\t\t    \r\n\t\t\t    \t\t        <span class=\"flaticon-pie-chart\"><\/span>\t        <\/div>\r\n\t        <div class=\"content-box\">\r\n\t            <h5 class=\"box-title\"><a href=\"http:\/\/wpdemo.archiwp.com\/onum\/content-marketing\/\">Content Marketing<\/a><\/h5>\r\n\t            <p>You can provide the answers that your potential customers are trying to find, so you can become the industry.<\/p>\r\n\t        <\/div>\r\n\t        \t\r\n\t    <\/div>\r\n\t    \t\t\t\t<\/div>\n\t\t\t\t<\/div>\n\t\t\t\t<div class=\"elementor-element elementor-element-746e68f elementor-widget elementor-widget-iiconbox\" data-id=\"746e68f\" data-element_type=\"widget\" data-widget_type=\"iiconbox.default\">\n\t\t\t\t<div class=\"elementor-widget-container\">\n\t\t\t\t\t\t\t<div class=\"icon-box s3 box-hover-gradient\">\r\n\t\t\t<div class=\"bg-s3\"><\/div>\r\n\t\t\t<div class=\"bg-before\"><\/div>\r\n\t\t\t<div class=\"bg-after\"><\/div>\r\n\t\t\t<div class=\"icon-main\">\r\n\t\t        \t\t\t    \r\n\t\t\t    \t\t        <span class=\"flaticon-search-1\"><\/span>\t        <\/div>\r\n\t        <div class=\"content-box\">\r\n\t            <h5 class=\"box-title\"><a href=\"http:\/\/wpdemo.archiwp.com\/onum\/search-engine-optimization\/\">SEO Optimization<\/a><\/h5>\r\n\t            <p>Get more website traffic, more customers, and more online visibility with powerful  SEO services.<\/p>\r\n\t        <\/div>\r\n\t        \t\r\n\t    <\/div>\r\n\t    \t\t\t\t<\/div>\n\t\t\t\t<\/div>\n\t\t\t\t\t<\/div>\n\t\t<\/div>\n\t\t\t\t<div class=\"elementor-column elementor-col-33 elementor-inner-column elementor-element elementor-element-2e96505 ot-flex-column-vertical\" data-id=\"2e96505\" data-element_type=\"column\">\n\t\t\t<div class=\"elementor-widget-wrap elementor-element-populated\">\n\t\t\t\t\t\t<div class=\"elementor-element elementor-element-9235af9 elementor-widget elementor-widget-iiconbox\" data-id=\"9235af9\" data-element_type=\"widget\" data-widget_type=\"iiconbox.default\">\n\t\t\t\t<div class=\"elementor-widget-container\">\n\t\t\t\t\t\t\t<div class=\"icon-box s3 box-hover-gradient\">\r\n\t\t\t<div class=\"bg-s3\"><\/div>\r\n\t\t\t<div class=\"bg-before\"><\/div>\r\n\t\t\t<div class=\"bg-after\"><\/div>\r\n\t\t\t<div class=\"icon-main\">\r\n\t\t        \t\t\t    \r\n\t\t\t    \t\t        <span class=\"flaticon-pie-chart-1\"><\/span>\t        <\/div>\r\n\t        <div class=\"content-box\">\r\n\t            <h5 class=\"box-title\">Social Media Marketing<\/h5>\r\n\t            <p>Create and manage top-performing social campaigns and start developing a dedicated customer fan base.<\/p>\r\n\t        <\/div>\r\n\t        \t\r\n\t    <\/div>\r\n\t    \t\t\t\t<\/div>\n\t\t\t\t<\/div>\n\t\t\t\t<div class=\"elementor-element elementor-element-b24f9e1 elementor-widget elementor-widget-iiconbox\" data-id=\"b24f9e1\" data-element_type=\"widget\" data-widget_type=\"iiconbox.default\">\n\t\t\t\t<div class=\"elementor-widget-container\">\n\t\t\t\t\t\t\t<div class=\"icon-box s3 box-hover-gradient\">\r\n\t\t\t<div class=\"bg-s3\"><\/div>\r\n\t\t\t<div class=\"bg-before\"><\/div>\r\n\t\t\t<div class=\"bg-after\"><\/div>\r\n\t\t\t<div class=\"icon-main\">\r\n\t\t        \t\t\t    \r\n\t\t\t    \t\t        <span class=\"flaticon-coding\"><\/span>\t        <\/div>\r\n\t        <div class=\"content-box\">\r\n\t            <h5 class=\"box-title\">Web  Development<\/h5>\r\n\t            <p>Your website has to impress your visitors within just a few seconds. If it runs slow, if it feels outdated.<\/p>\r\n\t        <\/div>\r\n\t        \t\r\n\t    <\/div>\r\n\t    \t\t\t\t<\/div>\n\t\t\t\t<\/div>\n\t\t\t\t\t<\/div>\n\t\t<\/div>\n\t\t\t\t<div class=\"elementor-column elementor-col-33 elementor-inner-column elementor-element elementor-element-45b470c elementor-hidden-tablet ot-flex-column-vertical\" data-id=\"45b470c\" data-element_type=\"column\">\n\t\t\t<div class=\"elementor-widget-wrap elementor-element-populated\">\n\t\t\t\t\t\t<div class=\"elementor-element elementor-element-2213523 elementor-widget elementor-widget-iiconbox\" data-id=\"2213523\" data-element_type=\"widget\" data-widget_type=\"iiconbox.default\">\n\t\t\t\t<div class=\"elementor-widget-container\">\n\t\t\t\t\t\t\t<div class=\"icon-box s3 box-hover-gradient\">\r\n\t\t\t<div class=\"bg-s3\"><\/div>\r\n\t\t\t<div class=\"bg-before\"><\/div>\r\n\t\t\t<div class=\"bg-after\"><\/div>\r\n\t\t\t<div class=\"icon-main\">\r\n\t\t        \t\t\t    \r\n\t\t\t    \t\t        <span class=\"flaticon-document\"><\/span>\t        <\/div>\r\n\t        <div class=\"content-box\">\r\n\t            <h5 class=\"box-title\"><a href=\"http:\/\/wpdemo.archiwp.com\/onum\/app-development\/\">App Development<\/a><\/h5>\r\n\t            <p>Create, publish, and promote engaging content to generate more traffic and build a dedicated community. <\/p>\r\n\t        <\/div>\r\n\t        \t\r\n\t    <\/div>\r\n\t    \t\t\t\t<\/div>\n\t\t\t\t<\/div>\n\t\t\t\t<div class=\"elementor-element elementor-element-bed1ed7 elementor-widget elementor-widget-iiconbox\" data-id=\"bed1ed7\" data-element_type=\"widget\" data-widget_type=\"iiconbox.default\">\n\t\t\t\t<div class=\"elementor-widget-container\">\n\t\t\t\t\t\t\t<div class=\"icon-box s3 box-hover-gradient\">\r\n\t\t\t<div class=\"bg-s3\"><\/div>\r\n\t\t\t<div class=\"bg-before\"><\/div>\r\n\t\t\t<div class=\"bg-after\"><\/div>\r\n\t\t\t<div class=\"icon-main\">\r\n\t\t        \t\t\t    \r\n\t\t\t    \t\t        <span class=\"flaticon-cloud-computing\"><\/span>\t        <\/div>\r\n\t        <div class=\"content-box\">\r\n\t            <h5 class=\"box-title\">PPC Advertising<\/h5>\r\n\t            <p>Target your ideal search phrases and get  found at the top of Google\u2019s search results. PPC allows you.<\/p>\r\n\t        <\/div>\r\n\t        \t\r\n\t    <\/div>\r\n\t    \t\t\t\t<\/div>\n\t\t\t\t<\/div>\n\t\t\t\t\t<\/div>\n\t\t<\/div>\n\t\t\t\t\t<\/div>\n\t\t<\/section>\n\t\t\t\t\t<\/div>\n\t\t<\/div>\n\t\t\t\t\t<\/div>\n\t\t<\/section>\n\t\t\t\t<section class=\"elementor-section elementor-top-section elementor-element elementor-element-1763514 elementor-section-boxed elementor-section-height-default elementor-section-height-default\" data-id=\"1763514\" data-element_type=\"section\">\n\t\t\t\t\t\t<div class=\"elementor-container elementor-column-gap-default\">\n\t\t\t\t\t<div class=\"elementor-column elementor-col-100 elementor-top-column elementor-element elementor-element-594cfd6 ot-flex-column-vertical\" data-id=\"594cfd6\" data-element_type=\"column\">\n\t\t\t<div class=\"elementor-widget-wrap elementor-element-populated\">\n\t\t\t\t\t\t<div class=\"elementor-element elementor-element-fe51e0b elementor-widget elementor-widget-iheading\" data-id=\"fe51e0b\" data-element_type=\"widget\" data-widget_type=\"iheading.default\">\n\t\t\t\t<div class=\"elementor-widget-container\">\n\t\t\t\t\t\t\t<div class=\"ot-heading center-align\">\r\n\t\t\t\r\n\t\t\t\t\r\n\r\n\t        \t            <h6 class=\"sub-heading\"><span>choose your plan<\/span><\/h6>\r\n\t         \r\n\r\n\t        \t        \t<h2 class=\"main-heading\">Flexible Pricing Plans<\/h2>\r\n\t        \t    <\/div>\r\n\t    \t\t\t\t<\/div>\n\t\t\t\t<\/div>\n\t\t\t\t<div class=\"elementor-element elementor-element-935c7c6 elementor-widget elementor-widget-text-editor\" data-id=\"935c7c6\" data-element_type=\"widget\" data-widget_type=\"text-editor.default\">\n\t\t\t\t\t\t\t\t\tWe have experience working with large and small businesses and are ready to<br>\ndevelop a targeted strategy and plan that\u2019s just right for you.\t\t\t\t\t\t\t\t<\/div>\n\t\t\t\t<section class=\"elementor-section elementor-inner-section elementor-element elementor-element-872b6fd elementor-section-full_width elementor-section-height-default elementor-section-height-default\" data-id=\"872b6fd\" data-element_type=\"section\">\n\t\t\t\t\t\t<div class=\"elementor-container elementor-column-gap-extended\">\n\t\t\t\t\t<div class=\"elementor-column elementor-col-33 elementor-inner-column elementor-element elementor-element-3a606a5 ot-flex-column-vertical\" data-id=\"3a606a5\" data-element_type=\"column\">\n\t\t\t<div class=\"elementor-widget-wrap elementor-element-populated\">\n\t\t\t\t\t\t<div class=\"elementor-element elementor-element-ca6c28e elementor-widget elementor-widget-ipricingtable\" data-id=\"ca6c28e\" data-element_type=\"widget\" data-widget_type=\"ipricingtable.default\">\n\t\t\t\t<div class=\"elementor-widget-container\">\n\t\t\t\t\t\r\n\t\t<div class=\"ot-pricing-table bg-shape s1\">\r\n\t\t\t<span class=\"title-table\">Standard<\/span>\r\n\t\t\t<div class=\"inner-table\">\r\n\t\t\t\t<img decoding=\"async\" src=\"https:\/\/seepree.com\/wp-content\/themes\/onum\/images\/price1.png\" alt=\"Standard\">\r\n\t\t\t\t<h2><sup>$<\/sup> 69.99<\/h2>\r\n\t\t\t\t<p>Monthly Package<\/p>\r\n\t\t\t\t<div class=\"details\"><ul>\n<li>Social Media Marketing<\/li>\n<li>2.100 Keywords<\/li>\n<li>One Way Link Building<\/li>\n<li>5 Free Optimization<\/li>\n<li>3 Press Releases<\/li>\n<\/ul><\/div>\r\n\t\t\t<\/div>\r\n\t\t\t<div class=\"ot-pricing-btn\">\r\n\t\t\t\t<a href=\"#\" class=\"octf-btn octf-btn-icon octf-btn-secondary\">Choose Plane <i class=\"flaticon-right-arrow-1\"><\/i><\/a>\r\n\t\t\t<\/div>\r\n\t\t<\/div>\r\n\r\n\t    \t\t\t\t<\/div>\n\t\t\t\t<\/div>\n\t\t\t\t\t<\/div>\n\t\t<\/div>\n\t\t\t\t<div class=\"elementor-column elementor-col-33 elementor-inner-column elementor-element elementor-element-fa8d5e1 ot-flex-column-vertical\" data-id=\"fa8d5e1\" data-element_type=\"column\">\n\t\t\t<div class=\"elementor-widget-wrap elementor-element-populated\">\n\t\t\t\t\t\t<div class=\"elementor-element elementor-element-8f677f7 elementor-widget elementor-widget-ipricingtable\" data-id=\"8f677f7\" data-element_type=\"widget\" data-widget_type=\"ipricingtable.default\">\n\t\t\t\t<div class=\"elementor-widget-container\">\n\t\t\t\t\t\r\n\t\t<div class=\"ot-pricing-table bg-shape s2\">\r\n\t\t\t<span class=\"title-table\">Economy<\/span>\r\n\t\t\t<div class=\"inner-table\">\r\n\t\t\t\t<img decoding=\"async\" src=\"https:\/\/onum-wp.s3.amazonaws.com\/images\/price2-1.png\" alt=\"Economy\">\r\n\t\t\t\t<h2><sup>$<\/sup> 79.99<\/h2>\r\n\t\t\t\t<p>Monthly Package<\/p>\r\n\t\t\t\t<div class=\"details\"><ul>\n<li>Social Media Marketing<\/li>\n<li>3.100 Keywords<\/li>\n<li>One Way Link Building<\/li>\n<li>10 Free Optimization<\/li>\n<li>5 Press Releases<\/li>\n<\/ul><\/div>\r\n\t\t\t<\/div>\r\n\t\t\t<div class=\"ot-pricing-btn\">\r\n\t\t\t\t<a href=\"#\" class=\"octf-btn octf-btn-icon octf-btn-third\">Choose Plane <i class=\"flaticon-right-arrow-1\"><\/i><\/a>\r\n\t\t\t<\/div>\r\n\t\t<\/div>\r\n\r\n\t    \t\t\t\t<\/div>\n\t\t\t\t<\/div>\n\t\t\t\t\t<\/div>\n\t\t<\/div>\n\t\t\t\t<div class=\"elementor-column elementor-col-33 elementor-inner-column elementor-element elementor-element-6bf2ae3 ot-flex-column-vertical\" data-id=\"6bf2ae3\" data-element_type=\"column\">\n\t\t\t<div class=\"elementor-widget-wrap elementor-element-populated\">\n\t\t\t\t\t\t<div class=\"elementor-element elementor-element-c98c165 elementor-widget elementor-widget-ipricingtable\" data-id=\"c98c165\" data-element_type=\"widget\" data-widget_type=\"ipricingtable.default\">\n\t\t\t\t<div class=\"elementor-widget-container\">\n\t\t\t\t\t\r\n\t\t<div class=\"ot-pricing-table bg-shape s3\">\r\n\t\t\t<span class=\"title-table\">Executive<\/span>\r\n\t\t\t<div class=\"inner-table\">\r\n\t\t\t\t<img decoding=\"async\" src=\"https:\/\/onum-wp.s3.amazonaws.com\/images\/price3-1.png\" alt=\"Executive\">\r\n\t\t\t\t<h2><sup>$<\/sup> 89.99<\/h2>\r\n\t\t\t\t<p>Monthly Package<\/p>\r\n\t\t\t\t<div class=\"details\"><ul>\n<li>Social Media Marketing<\/li>\n<li>5.100 Keywords<\/li>\n<li>One Way Link Building<\/li>\n<li>15 Free Optimization<\/li>\n<li>10 Press Releases<\/li>\n<\/ul><\/div>\r\n\t\t\t<\/div>\r\n\t\t\t<div class=\"ot-pricing-btn\">\r\n\t\t\t\t<a href=\"#\" class=\"octf-btn octf-btn-icon octf-btn-primary\">Choose Plane <i class=\"flaticon-right-arrow-1\"><\/i><\/a>\r\n\t\t\t<\/div>\r\n\t\t<\/div>\r\n\r\n\t    \t\t\t\t<\/div>\n\t\t\t\t<\/div>\n\t\t\t\t\t<\/div>\n\t\t<\/div>\n\t\t\t\t\t<\/div>\n\t\t<\/section>\n\t\t\t\t\t<\/div>\n\t\t<\/div>\n\t\t\t\t\t<\/div>\n\t\t<\/section>\n\t\t\t\t<section class=\"elementor-section elementor-inner-section elementor-element elementor-element-45bbac79 elementor-section-boxed elementor-section-height-default elementor-section-height-default\" data-id=\"45bbac79\" data-element_type=\"section\">\n\t\t\t\t\t\t<div class=\"elementor-container elementor-column-gap-default\">\n\t\t\t\t\t<div class=\"elementor-column elementor-col-100 elementor-inner-column elementor-element elementor-element-762decef ot-flex-column-vertical\" data-id=\"762decef\" data-element_type=\"column\">\n\t\t\t<div class=\"elementor-widget-wrap elementor-element-populated\">\n\t\t\t\t\t\t<div class=\"elementor-element elementor-element-34de42ee partners elementor-widget elementor-widget-image-carousel\" data-id=\"34de42ee\" data-element_type=\"widget\" data-settings=\"{&quot;slides_to_show&quot;:&quot;6&quot;,&quot;slides_to_show_tablet&quot;:&quot;4&quot;,&quot;slides_to_show_mobile&quot;:&quot;2&quot;,&quot;navigation&quot;:&quot;none&quot;,&quot;image_spacing_custom&quot;:{&quot;unit&quot;:&quot;px&quot;,&quot;size&quot;:74,&quot;sizes&quot;:[]},&quot;autoplay&quot;:&quot;yes&quot;,&quot;pause_on_hover&quot;:&quot;yes&quot;,&quot;pause_on_interaction&quot;:&quot;yes&quot;,&quot;autoplay_speed&quot;:5000,&quot;infinite&quot;:&quot;yes&quot;,&quot;speed&quot;:500,&quot;image_spacing_custom_tablet&quot;:{&quot;unit&quot;:&quot;px&quot;,&quot;size&quot;:&quot;&quot;,&quot;sizes&quot;:[]},&quot;image_spacing_custom_mobile&quot;:{&quot;unit&quot;:&quot;px&quot;,&quot;size&quot;:&quot;&quot;,&quot;sizes&quot;:[]}}\" data-widget_type=\"image-carousel.default\">\n\t\t\t\t\t\t\t<div class=\"elementor-image-carousel-wrapper swiper\" role=\"region\" aria-roledescription=\"carousel\" aria-label=\"Resim D\u00f6ng\u00fcs\u00fc\" dir=\"ltr\">\n\t\t\t<div class=\"elementor-image-carousel swiper-wrapper\" aria-live=\"off\">\n\t\t\t\t\t\t\t\t<div class=\"swiper-slide\" role=\"group\" aria-roledescription=\"slide\" aria-label=\"1 \/ 6\"><a data-elementor-open-lightbox=\"yes\" data-elementor-lightbox-slideshow=\"34de42ee\" data-elementor-lightbox-title=\"c-logo1\" data-e-action-hash=\"#elementor-action%3Aaction%3Dlightbox%26settings%3DeyJpZCI6NDUzLCJ1cmwiOiJodHRwczpcL1wvc2VlcHJlZS5jb21cL3dwLWNvbnRlbnRcL3VwbG9hZHNcLzIwMTlcLzEwXC9jLWxvZ28xLTEucG5nIiwic2xpZGVzaG93IjoiMzRkZTQyZWUifQ%3D%3D\" href=\"http:\/\/themeforest.net\/user\/OceanThemes\/portfolio\" target=\"_blank\"><figure class=\"swiper-slide-inner\"><img decoding=\"async\" class=\"swiper-slide-image\" src=\"https:\/\/seepree.com\/wp-content\/uploads\/2019\/10\/c-logo1-1.png\" alt=\"c-logo1\" \/><\/figure><\/a><\/div><div class=\"swiper-slide\" role=\"group\" aria-roledescription=\"slide\" aria-label=\"2 \/ 6\"><a data-elementor-open-lightbox=\"yes\" data-elementor-lightbox-slideshow=\"34de42ee\" data-elementor-lightbox-title=\"c-logo1\" data-e-action-hash=\"#elementor-action%3Aaction%3Dlightbox%26settings%3DeyJpZCI6NDU0LCJ1cmwiOiJodHRwczpcL1wvc2VlcHJlZS5jb21cL3dwLWNvbnRlbnRcL3VwbG9hZHNcLzIwMTlcLzEwXC9jLWxvZ28xLTEtMS5wbmciLCJzbGlkZXNob3ciOiIzNGRlNDJlZSJ9\" href=\"http:\/\/themeforest.net\/user\/OceanThemes\/portfolio\" target=\"_blank\"><figure class=\"swiper-slide-inner\"><img decoding=\"async\" class=\"swiper-slide-image\" src=\"https:\/\/seepree.com\/wp-content\/uploads\/2019\/10\/c-logo1-1-1.png\" alt=\"c-logo1\" \/><\/figure><\/a><\/div><div class=\"swiper-slide\" role=\"group\" aria-roledescription=\"slide\" aria-label=\"3 \/ 6\"><a data-elementor-open-lightbox=\"yes\" data-elementor-lightbox-slideshow=\"34de42ee\" data-elementor-lightbox-title=\"c-logo2\" data-e-action-hash=\"#elementor-action%3Aaction%3Dlightbox%26settings%3DeyJpZCI6NDU1LCJ1cmwiOiJodHRwczpcL1wvc2VlcHJlZS5jb21cL3dwLWNvbnRlbnRcL3VwbG9hZHNcLzIwMTlcLzEwXC9jLWxvZ28yLTEucG5nIiwic2xpZGVzaG93IjoiMzRkZTQyZWUifQ%3D%3D\" href=\"http:\/\/themeforest.net\/user\/OceanThemes\/portfolio\" target=\"_blank\"><figure class=\"swiper-slide-inner\"><img decoding=\"async\" class=\"swiper-slide-image\" src=\"https:\/\/seepree.com\/wp-content\/uploads\/2019\/10\/c-logo2-1.png\" alt=\"c-logo2\" \/><\/figure><\/a><\/div><div class=\"swiper-slide\" role=\"group\" aria-roledescription=\"slide\" aria-label=\"4 \/ 6\"><a data-elementor-open-lightbox=\"yes\" data-elementor-lightbox-slideshow=\"34de42ee\" data-elementor-lightbox-title=\"c-logo2\" data-e-action-hash=\"#elementor-action%3Aaction%3Dlightbox%26settings%3DeyJpZCI6NDU2LCJ1cmwiOiJodHRwczpcL1wvc2VlcHJlZS5jb21cL3dwLWNvbnRlbnRcL3VwbG9hZHNcLzIwMTlcLzEwXC9jLWxvZ28yLTEtMS5wbmciLCJzbGlkZXNob3ciOiIzNGRlNDJlZSJ9\" href=\"http:\/\/themeforest.net\/user\/OceanThemes\/portfolio\" target=\"_blank\"><figure class=\"swiper-slide-inner\"><img decoding=\"async\" class=\"swiper-slide-image\" src=\"https:\/\/seepree.com\/wp-content\/uploads\/2019\/10\/c-logo2-1-1.png\" alt=\"c-logo2\" \/><\/figure><\/a><\/div><div class=\"swiper-slide\" role=\"group\" aria-roledescription=\"slide\" aria-label=\"5 \/ 6\"><a data-elementor-open-lightbox=\"yes\" data-elementor-lightbox-slideshow=\"34de42ee\" data-elementor-lightbox-title=\"c-logo3\" data-e-action-hash=\"#elementor-action%3Aaction%3Dlightbox%26settings%3DeyJpZCI6NDU3LCJ1cmwiOiJodHRwczpcL1wvc2VlcHJlZS5jb21cL3dwLWNvbnRlbnRcL3VwbG9hZHNcLzIwMTlcLzEwXC9jLWxvZ28zLTEucG5nIiwic2xpZGVzaG93IjoiMzRkZTQyZWUifQ%3D%3D\" href=\"http:\/\/themeforest.net\/user\/OceanThemes\/portfolio\" target=\"_blank\"><figure class=\"swiper-slide-inner\"><img decoding=\"async\" class=\"swiper-slide-image\" src=\"https:\/\/seepree.com\/wp-content\/uploads\/2019\/10\/c-logo3-1.png\" alt=\"c-logo3\" \/><\/figure><\/a><\/div><div class=\"swiper-slide\" role=\"group\" aria-roledescription=\"slide\" aria-label=\"6 \/ 6\"><a data-elementor-open-lightbox=\"yes\" data-elementor-lightbox-slideshow=\"34de42ee\" data-elementor-lightbox-title=\"c-logo3\" data-e-action-hash=\"#elementor-action%3Aaction%3Dlightbox%26settings%3DeyJpZCI6NDU4LCJ1cmwiOiJodHRwczpcL1wvc2VlcHJlZS5jb21cL3dwLWNvbnRlbnRcL3VwbG9hZHNcLzIwMTlcLzEwXC9jLWxvZ28zLTEtMS5wbmciLCJzbGlkZXNob3ciOiIzNGRlNDJlZSJ9\" href=\"http:\/\/themeforest.net\/user\/OceanThemes\/portfolio\" target=\"_blank\"><figure class=\"swiper-slide-inner\"><img decoding=\"async\" class=\"swiper-slide-image\" src=\"https:\/\/seepree.com\/wp-content\/uploads\/2019\/10\/c-logo3-1-1.png\" alt=\"c-logo3\" \/><\/figure><\/a><\/div>\t\t\t<\/div>\n\t\t\t\t\t\t\t\n\t\t\t\t\t\t\t\t\t<\/div>\n\t\t\t\t\t\t<\/div>\n\t\t\t\t\t<\/div>\n\t\t<\/div>\n\t\t\t\t\t<\/div>\n\t\t<\/section>\n\t\t\t\t<\/div>\n\t\t","protected":false},"excerpt":{"rendered":"<p>Onum &#8211; SEO &#038; Digital Marketing Agency Onum is a values-driven SEO agency dedicated to empowering our customers. Over the years, we have worked with Fortune 500s and brand-new startups. We help ambitious businesses like yours generate more profits by building awareness, driving web traffic, connecting with customers, and growing overall sales. Give us a [&hellip;]<\/p>\n","protected":false},"author":1,"featured_media":0,"parent":0,"menu_order":0,"comment_status":"closed","ping_status":"closed","template":"","meta":{"footnotes":""},"class_list":["post-4475","page","type-page","status-publish","hentry"],"_links":{"self":[{"href":"https:\/\/seepree.com\/index.php?rest_route=\/wp\/v2\/pages\/4475","targetHints":{"allow":["GET"]}}],"collection":[{"href":"https:\/\/seepree.com\/index.php?rest_route=\/wp\/v2\/pages"}],"about":[{"href":"https:\/\/seepree.com\/index.php?rest_route=\/wp\/v2\/types\/page"}],"author":[{"embeddable":true,"href":"https:\/\/seepree.com\/index.php?rest_route=\/wp\/v2\/users\/1"}],"replies":[{"embeddable":true,"href":"https:\/\/seepree.com\/index.php?rest_route=%2Fwp%2Fv2%2Fcomments&post=4475"}],"version-history":[{"count":0,"href":"https:\/\/seepree.com\/index.php?rest_route=\/wp\/v2\/pages\/4475\/revisions"}],"wp:attachment":[{"href":"https:\/\/seepree.com\/index.php?rest_route=%2Fwp%2Fv2%2Fmedia&parent=4475"}],"curies":[{"name":"wp","href":"https:\/\/api.w.org\/{rel}","templated":true}]}}